1 is divided by 24.
15
Calculate the remainder when 8843 is divided by 590.
583
Calculate the remainder when 6425692 is divided by 102.
100
What is the remainder when 107521 is divided by 7?
1
Calculate the remainder when 3057 is divided by 3046.
11
Calculate the remainder when 412468 is divided by 402.
16
What is the remainder when 709 is divided by 647?
62
Calculate the remainder when 433606 is divided by 328.
318
What is the remainder when 119951 is divided by 1199?
51
What is the remainder when 3602 is divided by 190?
182
What is the remainder when 3199278 is divided by 2030?
2028
Calculate the remainder when 158533 is divided by 38.
35
Calculate the remainder when 125450 is divided by 1280.
10
Calculate the remainder when 2541 is divided by 1186.
169
What is the remainder when 191626 is divided by 10?
6
What is the remainder when 16899 is divided by 27?
24
What is the remainder when 1230047 is divided by 10?
7
What is the remainder when 83839 is divided by 220?
19
What is the remainder when 213406 is divided by 9700?
6
Calculate the remainder when 3479 is divided by 15.
14
Calculate the remainder when 947 is divided by 47.
7
What is the remainder when 567028 is divided by 615?
613
Calculate the remainder when 29114 is divided by 14462.
190
Calculate the remainder when 56079 is divided by 1699.
12
What is the remainder when 812 is divided by 125?
62
What is the remainder when 2996 is divided by 880?
356
What is the remainder when 88900 is divided by 73?
59
Calculate the remainder when 2860 is divided by 410.
400
Calculate the remainder when 32740 is divided by 13.
6
What is the remainder when 33301 is divided by 41?
9
Calculate the remainder when 76102 is divided by 203.
180
What is the remainder when 7860 is divided by 111?
90
Calculate the remainder when 9566 is divided by 33.
29
What is the remainder when 15184 is divided by 2?
0
Calculate the remainder when 2283129 is divided by 1994.
1993
Calculate the remainder when 2309 is divided by 48.
5
Calculate the remainder when 3594 is divided by 226.
204
Calculate the remainder when 22539 is divided by 28.
27
Calculate the remainder when 38347 is divided by 4792.
11
Calculate the remainder when 209660 is divided by 30.
20
Calculate the remainder when 428090 is divided by 102.
98
What is the remainder when 2664 is divided by 379?
11
What is the remainder when 7204606 is divided by 8?
6
What is the remainder when 14478 is divided by 213?
207
Calculate the remainder when 3355 is divided by 341.
286
Calculate the remainder when 12012 is divided by 273.
0
Calculate the remainder when 3485 is divided by 3443.
42
What is the remainder when 90460 is divided by 754?
734
Calculate the remainder when 4123 is divided by 2051.
21
Calculate the remainder when 218437 is divided by 72808.
13
What is the remainder when 20357 is divided by 502?
277
What is the remainder when 313128 is divided by 104367?
27
What is the remainder when 148133 is divided by 308?
293
What is the remainder when 258456 is divided by 101?
98
What is the remainder when 14120 is divided by 307?
305
Calculate the remainder when 421384 is divided by 122.
118
What is the remainder when 502 is divided by 237?
28
Calculate the remainder when 1216262 is divided by 148.
146
Calculate the remainder when 124407 is divided by 47.
45
Calculate the remainder when 80653 is divided by 49.
48
What is the remainder when 5324 is divided by 1437?
1013
What is the remainder when 727427 is divided by 709?
702
What is the remainder when 31638 is divided by 322?
82
What is the remainder when 9661 is divided by 4800?
61
What is the remainder when 15670 is divided by 1943?
126
Calculate the remainder when 12167 is divided by 61.
28
Calculate the remainder when 10480 is divided by 404.
380
Calculate the remainder when 59419 is divided by 632.
11
What is the remainder when 608774 is divided by 18?
14
What is the remainder when 26293 is divided by 1382?
35
What is the remainder when 3993 is divided by 1967?
59
What is the remainder when 11590 is divided by 184?
182
What is the remainder when 6445 is divided by 752?
429
Calculate the remainder when 1217 is divided by 39.
8
Calculate the remainder when 201 is divided by 49.
5
What is the remainder when 17799 is divided by 8873?
53
What is the remainder when 10601 is divided by 1767?
1766
What is the remainder when 136062 is divided by 64?
62
What is the remainder when 146197 is divided by 322?
9
What is the remainder when 282428 is divided by 282420?
8
Calculate the remainder when 5908 is divided by 206.
140
Calculate the remainder when 321539 is divided by 13.
10
What is the remainder when 6008 is divided by 78?
2
What is the remainder when 2247 is divided by 56?
7
What is the remainder when 19043 is divided by 21?
17
Calculate the remainder when 436892 is divided by 1285.
1277
Calculate the remainder when 843 is divided by 423.
420
Calculate the remainder when 1261 is divided by 96.
13
What is the remainder when 6036 is divided by 2646?
744
What is the remainder when 19398 is divided by 570?
18
Calculate the remainder when 1783042 is divided by 17.
14
Calculate the remainder when 237 is divided by 69.
30
What is the remainder when 171119 is divided by 48?
47
What is the remainder when 28706 is divided by 211?
10
Calculate the remainder when 37620 is divided by 95.
0
What is the remainder when 1307 is divided by 793?
514
Calculate the remainder when 43657 is divided by 7258.
109
Calculate the remainder when 3029 is divided by 355.
189
What is the remainder when 11466 is divided by 244?
242
What is the remainder when 23727 is divided by 226?
223
What is the remainder when 3483 is divided by 530?
303
Calculate the remainder when 1083067 is divided by 34.
31
Calculate the remainder when 14049 is divided by 56.
49
Calculate the remainder when 3680 is divided by 1800.
80
What is the remainder when 10628 is divided by 288?
260
Calculate the remainder when 18050 is divided by 86.
76
What is the remainder when 7268 is divided by 1716?
404
What is the remainder when 9888 is divided by 143?
21
Calculate the remainder when 12423 is divided by 97.
7
What is the remainder when 2167 is divided by 424?
47
Calculate the remainder when 978068 is divided by 446.
436
What is the remainder when 36456 is divided by 136?
8
Calculate the remainder when 4545 is divided by 315.
135
Calculate the remainder when 102178 is divided by 1675.
3
Calculate the remainder when 14771 is divided by 187.
185
What is the remainder when 67117 is divided by 4794?
1
Calculate the remainder when 54293 is divided by 27131.
31
What is the remainder when 30156 is divided by 471?
12
Calculate the remainder when 84276 is divided by 16850.
26
Calculate the remainder when 497 is divided by 169.
159
What is the remainder when 27675 is divided by 17?
16
What is the remainder when 1101 is divided by 683?
418
Calculate the remainder when 1495 is divided by 4.
3
What is the remainder when 37450 is divided by 4681?
2
What is the remainder when 32684 is divided by 10860?
104
Calculate the remainder when 175624 is divided by 784.
8
What is the remainder when 243598 is divided by 1433?
1421
What is the remainder when 253 is divided by 54?
37
Calculate the remainder when 7084 is divided by 46.
0
What is the remainder when 106237 is divided by 8853?
1
Calculate the remainder when 44846 is divided by 65.
61
What is the remainder when 3224 is divided by 526?
68
What is the remainder when 5725 is divided by 241?
182
What is the remainder when 1544366 is divided by 159?
158
What is the remainder when 64005 is divided by 4923?
6
What is the remainder when 5172 is divided by 20?
12
What is the remainder when 140421 is divided by 573?
36
Calculate the remainder when 146724 is divided by 619.
21
What is the remainder when 4351 is divided by 794?
381
Calculate the remainder when 8911 is divided by 3928.
1055
Calculate the remainder when 83759 is divided by 358.
345
What is the remainder when 14853 is divided by 438?
399
Calculate the remainder when 181888 is divided by 337.
245
Calculate the remainder when 806 is divided by 218.
152
What is the remainder when 426667 is divided by 10?
7
Calculate the remainder when 1234270 is divided by 24.
22
Calculate the remainder when 13037